 What are the prime factors of a(s)?
2
Let p be (18/(-7))/(1/(-42)). Suppose 0*l + 3*l = p. What are the prime factors of l?
2, 3
Let o be (-5)/(15/(-9)) - -15. Let x = -12 + o. List the prime factors of x.
2, 3
Suppose z = 39 + 45. What are the prime factors of z?
2, 3, 7
Let l = 32 + -18. What are the prime factors of l?
2, 7
Let s(v) = 2*v**2 + 3*v - 1. Let c be (4 + 0)*-1 + 1. List the prime factors of s(c).
2
Let t(m) = -5*m**3 + m + 2. List the prime factors of t(-2).
2, 5
Let y(x) = -x**2 + 9*x - 2. Let u be y(5). Suppose 4*j = g - j - u, -j = -g + 18. What are the prime factors of g?
2, 3
Suppose 6 + 6 = -4*n. Let t be ((-1)/n)/((-2)/(-18)). Suppose -6 - t = -2*w + 5*j, 2*w - 12 = 2*j. List the prime factors of w.
7
List the prime factors of (2 - 6/4)*(119 - 23).
2, 3
Suppose 0 = 12*f - 17*f + 645. List the prime factors of f.
3, 43
Let i be (246/12)/(2/8). Suppose -3*n + 70 - 340 = -5*p, 0 = -p - 5*n + i. What are the prime factors of p?
3, 19
Suppose 18 = 3*u + i, 0 = -2*u + 6*u - 3*i - 24. What are the prime factors of 2/u + 40/6?
7
Suppose 6 = u + 1. Suppose 0 = -u*r + r - 4*j - 24, -4*r = -5*j + 33. What are the prime factors of (-288)/(-21) + (-2)/r?
2, 7
Let u be (-1)/6 + (-423)/54. Suppose -4*x + 18 = -3*x. Let c = x + u. What are the prime factors of c?
2, 5
Let f = 48 + 45. Suppose r - 4*r + f = 0. What are the prime factors of r?
31
Let h(j) = -j + 8. Suppose 6 = -2*p, 5*a - 18 = -2*p + 6. Let x be h(a). Suppose x = 2*u - 12. What are the prime factors of u?
7
Suppose -i - 4*j = -75, 4*j = 4*i - 197 - 123. List the prime factors of i.
79
Let x(c) = -c**3 - 3*c**2 - c + 2. Let a(z) = z**3 + 2*z**2 - 1. Let m(p) = 3*a(p) + 2*x(p). Suppose 3 - 9 = -3*u. What are the prime factors of m(u)?
5
Let j be 2 - (1 - (-3 + 2)). Suppose j = -c + 4, v - 2 = 3*c - 6. List the prime factors of v.
2
Let c(w) = 3*w**3 + w**2 + 7*w - 7. List the prime factors of c(4).
229
Let p(m) = 72*m - 55. List the prime factors of p(5).
5, 61
Suppose 14 = 4*d - 2*d. Let x(n) = -3*n**3 + 8 - 6*n + 2*n**3 - n**2 + 9*n**2. List the prime factors of x(d).
3, 5
Suppose 27 = n + 2*n. What are the prime factors of n?
3
Suppose 4*s = 9*s - 710. What are the prime factors of s?
2, 71
What are the prime factors of 64/14 - (-30)/70?
5
Suppose 23 = 3*s - 1. Suppose -s = -4*g + 8. Let m(l) = 2*l + 1. List the prime factors of m(g).
3
Let m(z) = 13*z + 30. What are the prime factors of m(15)?
3, 5
Let y(w) = 2*w - 2. Let m be y(2). Suppose 0 = 3*l - 19 - m. What are the prime factors of l?
7
Suppose 3*g = -c + 131, 278 = 2*c + 4*g - 2*g. List the prime factors of c.
11, 13
Let a = 106 + -72. What are the prime factors of a?
2, 17
Suppose 2*c + 2*c = 148. What are the prime factors of c?
37
Suppose 9 = 3*h, 4*y - 422 = h - 97. What are the prime factors of y?
2, 41
Suppose -5*m + 12 = w - 3*m, 5*w + 3*m = 39. Let f be 68/w - (-4)/6. Let u = f - 8. What are the prime factors of u?
2
Let z = -42 + 62. What are the prime factors of z?
2, 5
Let u(h) = -2*h - 2*h + 7 - 3*h. Let j be u(5). Let y = j + 40. What are the prime factors of y?
2, 3
Let c(q) = -5*q + 15. List the prime factors of c(-5).
2, 5
Suppose -1860 = -5*t - 7*t. What are the prime factors of t?
5, 31
Suppose 0*l - 2*f - 30 = 4*l, -25 = -5*f. Let s(y) = -y. Let g be s(-4). List the prime factors of (g/l)/((-1)/30).
2, 3
Let s = 10 + 2. List the prime factors of (-6)/s*(-44)/2.
11
Suppose 5*b + 14 = 6*b. List the prime factors of b.
2, 7
What are the prime factors of 1/((-4)/180*-1)?
3, 5
Let u = -8 + 11. Let d = u - -13. What are the prime factors of d?
2
Let b(s) = -s**2 - 8*s - 4. Suppose 3*y - 45 = -4*g + 35, 3*y - 82 = -2*g. Suppose -2*c = -3*k, c = -c - 4*k - y. What are the prime factors of b(c)?
2
Suppose 5*d + 38 = 3. What are the prime factors of (-75)/d + (-4)/(-14)?
11
Suppose -3*r + 3 = -3. List the prime factors of r.
2
Let n(z) = 38*z - 60. What are the prime factors of n(3)?
2, 3
Suppose 4*h = -2*t + 190, t = -5*h + 25 + 82. List the prime factors of t.
3, 29
Let z be (-3)/2*(-26)/3. Suppose -f - 13 = -3*b, -b - 3*f - f = z. Suppose -6 = -b*o + 27. List the prime factors of o.
11
Let a = 6 + -4. Suppose 2*k + a*k = -48. What are the prime factors of (6/4)/((-9)/k)?
2
Suppose -2*r + 671 = -4*s + 207, -3*r - 2*s = -728. What are the prime factors of r?
2, 3, 5
Let m(n) = -3*n + 3. Let x be m(-4). Let y = x - 7. Let h = y - 6. List the prime factors of h.
2
Let g be 10/(-2)*8/10. List the prime factors of (2*5)/(g/(-8)).
2, 5
Let h be 204/28 + 2/(-7). Suppose -h = -2*w - 1. List the prime factors of w.
3
Let j = -1 + 3. Let a = j - -23. List the prime factors of a.
5
Let p be (-3)/(-12) - (-9)/(-4). Let w be -2 + (-33)/6*-2. Let j = p + w. List the prime factors of j.
7
Let r(a) = -9*a**3 + 2*a**2 - 1. Let x be r(-1). Let n = 21 - x. What are the prime factors of n?
11
Suppose 9*f - 736 = -3*b + 13*f, -3*b = 2*f - 766. List the prime factors of b.
2, 3, 7
Let m(q) = 24*q - 35. What are the prime factors of m(7)?
7, 19
What are the prime factors of ((-10)/(-3))/(((-32)/84)/(-8))?
2, 5, 7
Suppose 6 = -4*a - 6. List the prime factors of a*(-2 + -2) + 2.
2, 7
Suppose 0 = 4*s - 2*o - 44 - 4, 4*o = -3*s + 25. Let j = s - 18. Let g = 13 + j. What are the prime factors of g?
2, 3
Let x(r) = -4*r**2 + 12*r - 11. Let z(n) = 5*n**2 - 13*n + 12. Let u(q) = -6*x(q) - 5*z(q). List the prime factors of u(-6).
2, 3
Suppose -2*a - 5*q - 31 = -a, -3*a - 5*q - 53 = 0. Let y = -5 - a. Let c = -3 + y. What are the prime factors of c?
3
Let o = 7 + -7. Let b(x) = 10*x. Let z be b(1). Suppose 2*m - z = -o*m. List the prime factors of m.
5
Suppose -5*h = 3*y - 128, -3*h + 26 + 22 = y. List the prime factors of y.
2, 3
What are the prime factors of (-972)/(-15) + 24/(-30)?
2
Suppose -4*b = -5*b - 35. Suppose 4*z = -3*m - 0*m + 6, -2*z + 6 = 2*m. List the prime factors of b/(-3) - 4/m.
11
Suppose -13*j + 10*j = -93. List the prime factors of j.
31
Let y = 38 + -96. Let d = -22 - y. List the prime factors of d.
2, 3
Suppose 0 = 2*m - 2 - 48. Suppose 3*s + 2*s - m = 0. List the prime factors of s.
5
Let r(z) = 5*z - 1. Let d be r(1). Suppose -d*i = -2*i - 12. What are the prime factors of (-2)/(i/(-33) - 0)?
11
Let k(b) be the first derivative of b**2/2 - 1. Let z(h) = -h**2 + 5*h + 9. Let y be z(6). What are the prime factors of k(y)?
3
Let f be (-1 - -1)/(-2 + 3). Let y = f + 5. Suppose -y*o + 3 = -4*o. List the prime factors of o.
3
Let i be 7 - (3 + -1 + 1). Suppose -a + 95 = 3*p, -i*p = -0*a + 3*a - 125. What are the prime factors of p?
2
Let g(y) = -y**2 - 12*y - 12. Suppose 5*f - 4*l = -40, 3*l = -f + 3*f + 16. List the prime factors of g(f).
2, 5
Let y be 55/(-4) + (-6)/(-8). Let x = -9 - y. Suppose -g - 42 = -x*g. List the prime factors of g.
2, 7
Let z = 81 - 40. Suppose -z = -l + 4. What are the prime factors of 2*(l/6 + -2)?
11
Suppose 3*p = 5*a - 17, -2*a + 0*p = -5*p - 3. Suppose -4*u = l - 142, 5*u - 45 - 122 = a*l. List the prime factors of u.
5, 7
Suppose 3*k + 4*j - j - 18 = 0, -4*j = 8. List the prime factors of (k/(-12))/(3/(-225)).
2, 5
Suppose -5*g - 94 + 27 = -2*b, -g - 3 = 0. Let z = 47 - b. List the prime factors of z.
3, 7
Let n be (-8)/(-6) + 1/(-3). Let g(z) = z**2. Let l be g(n). Suppose -c + 19 = -l. What are the prime factors of c?
2, 5
Suppose j - 1 - 4 = 0. What are the prime factors of (-146)/(-8) - j/20?
2, 3
Suppose 4*b - 116 = 4*s, 4*b = 4*s - 2*s + 118. List the prime factors of b.
2, 3, 5
Let p = 84 + -48. What are the prime factors of p?
2, 3
Let q(f) = 3*f + 6. Let a be q(-7). Let i = -9 - a. What are the prime factors of i?
2, 3
Suppose 2*a - 125 - 71 = 0. What are the prime factors of a?
2, 7
Let c(v) = -v**3 + v**2 + v - 3. Let n be c(-3). List the prime factors of (-72)/15*n/(-9).
2
Suppose -35 = -3*g - 8. Suppose 2*q + x = 44, -3*x = -2*q - g + 45. What are the prime factors of q?
3, 7
Suppose -3*u + 9 = -6*u. Let k(g) = 2*g + 4. Let j be k(u). List the prime factors of (j/(-6))/((-1)/(-12)).
2
Let s = 2 - -2. Suppose 5*u = u + s. List the prime factors of (0 - 1)*(u + -16).
3, 5
Let i = 10 - 7. Let x(s) = -4*s**2 - s + i - 6 - s**3 - s. What are the prime factors of x(-4)?
5
List the prime factors of -109*(2 - -1)/(-3).
109
Let l(t) = -9*t**3 - 2*t**2 - 2*t - 3. What are the